48/12 + l/(-3). What is the highest common factor of 50 and r?
10
Let y = -22 - -33. Suppose -25 - y = -2*w - u, 5*w - u = 83. Suppose s - w - 19 = 0. What is the highest common divisor of 24 and s?
12
Suppose 695 = 3*y + 4*v, 4*y - 920 = -0*y - 4*v. Let g = y - 144. Calculate the greatest common divisor of g and 9.
9
Let b(t) = -t**2 + t + 6. Suppose -4*r + g = 0, r = 4*r - g. Let h be b(r). What is the highest common divisor of 66 and h?
6
Let x = 0 + 5. Suppose -x*l = -23 + 3. Suppose 4*n + 100 = 3*h, -4*h = -0*h + l*n - 96. What is the highest common factor of 7 and h?
7
Let p = 125 + -4. What is the highest common factor of p and 11?
11
Let p be 20/1*(0 + 1). What is the greatest common divisor of 140 and p?
20
Suppose 7*n + 22 = c + 2*n, -5*n = 4*c - 13. Let i be 32/6*(c - 4). What is the highest common factor of 48 and i?
16
Suppose -25 = -5*y, -5*q + 29 = 2*y - 31. Let v be 2/((-4)/(3 - 1)). Let l be 15 + (0/v)/(-3). What is the greatest common factor of l and q?
5
Suppose 3*k = -4*j - 0*j + 32, 2*j - 10 = 0. Suppose -k*h - 440 = -8*h. Suppose 0*s + 10 = s. What is the greatest common divisor of s and h?
10
Let k be (130/(-15))/((-1)/6). Calculate the highest common divisor of k and 78.
26
Let w be 126*((-10)/4)/(-5). Let l be 6 + (7 - (1 - -3)). What is the greatest common factor of w and l?
9
Let c(p) = -37*p + 11. Let g be c(-7). What is the highest common factor of 10 and g?
10
Let s be (-1)/(-4 + 7/2). Suppose 0*p = s*g - 5*p - 42, -g = 3*p - 21. What is the greatest common factor of 168 and g?
21
Let l be (90/(5 - -1))/((-2)/(-8)). What is the highest common divisor of l and 20?
20
Suppose 2*g - 20 = 5*m, 2*g - 6 = 2*m + 2. Suppose g = 2*o + 10, 2*t - 21 = -4*o + o. What is the greatest common divisor of t and 3?
3
Suppose -4*n + 0*k - 2*k = -18, 3*n = -2*k + 12. What is the greatest common divisor of 2 and n?
2
Suppose -4*x + 36 = -4*z, x + z + 1 = -3*z. Calculate the greatest common factor of x and 217.
7
Suppose -6*l + 3*l + 33 = 0. Let b = -3 + l. Suppose 5*w - 6 = 54. What is the highest common factor of b and w?
4
Suppose -12*u - 8*u + 340 = 0. Calculate the greatest common divisor of u and 17.
17
Suppose 0*l = l - q - 18, 4*l + 4*q - 40 = 0. Let y(s) = 10*s**2 - 4*s + 3. Let j be y(2). Calculate the greatest common divisor of l and j.
7
Suppose 0 = 4*y - 1 - 23. Let t be 2/y - (-32)/12. Suppose -7 = -t*x + 2*z, -2*x + 0*z - 5*z = -11. Calculate the highest common divisor of x and 15.
3
Suppose z + 110 = 6*z. Let b(y) = 21*y**2 + 3*y - 1. Let l be b(2). Let x = l - 34. What is the greatest common divisor of z and x?
11
Let i = -533 + 919. Let l = -202 + i. Suppose -5*x - 69 = -3*t, -x = -3*t - 4*x + 69. Calculate the highest common factor of l and t.
23
Let r(x) = -x**3 - 3*x**2 - 5*x - 3. Let l(t) = -t + 4. Let p be l(7). Let k be r(p). What is the highest common divisor of 60 and k?
12
Suppose -4*o + 278 = 3*k, -k - 5*o + 280 = 2*k. Calculate the greatest common factor of k and 10.
10
Let n = 18 - 11. Suppose -4*x = -2*m + 10, -m = -0*m + x + 1. What is the highest common divisor of m and n?
1
Let f(m) = m**3 - 4*m**2 - m - 3. Let z be f(5). Let g(v) = 20*v**3 - 2*v**2 + v - 1. Let p be g(2). What is the greatest common divisor of z and p?
17
Suppose -3*a - 2*y + 230 = a, 0 = 4*a - 2*y - 218. What is the highest common factor of a and 8?
8
Suppose -2*z = 3*z - 90. Let o(r) = -12*r - 63. Let u be o(-9). What is the greatest common factor of z and u?
9
Let q(p) = -p**3 - 3*p**2 - p. Let c be q(-3). Let s(j) = 6*j**2 + 3*j. Let x be s(c). Let t = 16 + -9. What is the greatest common factor of x and t?
7
Suppose -6*u = -2*u - 180. Suppose 47 - 122 = -5*l. Calculate the greatest common factor of l and u.
15
Let k(p) = 42*p + 6. Let a(d) = -d - 1. Let c(m) = -5*a(m) - k(m). Let r be c(-3). What is the greatest common divisor of r and 10?
10
Let t be (-32)/(-14) + (-6)/21. Let a(r) = 0*r - 3*r**2 + 4 + r**3 - t - r. Let l be a(4). Calculate the highest common factor of l and 7.
7
Let g(x) = -x**3 + 12*x**2 - 12*x + 13. Let z be g(11). Suppose -20 = v - z*v + 2*w, -3*w = -3*v + 45. Calculate the greatest common factor of 30 and v.
10
Suppose -3*a + 3*g = -24, -4*g + 2 = 4*a - 2*g. Let k be -1 + (-5)/((-5)/a). What is the highest common factor of k and 6?
2
Let a = -58 - -82. Let l be (-28)/(-6)*(-450)/(-35). What is the greatest common divisor of a and l?
12
Let k = 19 - 37. Let t be k/4*(-28)/6. What is the highest common factor of 84 and t?
21
Let m = -2 - -3. Let g be (-27 - -9)/(m*-2). What is the greatest common factor of g and 18?
9
Suppose 2*v - 6 = 8. Let f be v/1 - 1 - 4. What is the highest common factor of f and 10?
2
Let x = -86 - -188. Calculate the highest common divisor of x and 136.
34
Let s(x) = x**3 + 9*x**2 - 2*x - 6. Let m be s(-9). What is the greatest common factor of 120 and m?
12
Let h(s) = 6*s + 7. Let d(o) = -6*o - 6. Let j(a) = 3*d(a) + 2*h(a). Let p be j(-6). What is the greatest common factor of 16 and p?
16
Let l = 250 + -124. Calculate the highest common factor of l and 14.
14
Let p be 15/5 - 4/(-2). Suppose p*u - 21 + 1 = 0. Suppose 2*q - u*m + 2*m - 18 = 0, -2*q = -4*m - 28. Calculate the highest common divisor of 1 and q.
1
Let t = 8 + 21. Let q be (-5 - -2 - -1) + t. Calculate the highest common divisor of 18 and q.
9
Let c(k) = -k**2 - 7*k + 9. Let p be c(-8). Let i be -1*(-3 + p - 9). What is the highest common factor of 110 and i?
11
Let f(s) = s**3 + 8*s**2 + 6*s - 7. Let x be f(-7). Let d be 0/4 + (3 - x). Calculate the highest common factor of d and 9.
3
Suppose 73 + 1439 = 9*j. What is the highest common factor of 24 and j?
24
Suppose 2*o + 31 = 3*o + 5*f, 2*o = 4*f + 104. What is the highest common divisor of o and 276?
46
Let o(p) be the first derivative of p**3/3 + p - 1. Let w be o(5). Calculate the greatest common factor of 39 and w.
13
Let s(j) = -j**3 - 16*j**2 - 28*j + 3. Let b be s(-14). Calculate the greatest common factor of b and 6.
3
Let r be 1 - 0 - (-12)/(-6). Let i = r - -3. Suppose 3*m = i*a + 110, -112 = -2*m + 5*a - 35. Calculate the highest common factor of m and 9.
9
Let v be 8/(-28) - 32/(-14). Let y(s) = 2*s - 5. Let d be y(4). Suppose -m + 3 = -3*j + 2*m, 4*j = -d*m + 17. What is the greatest common factor of j and v?
2
Let s be 16/6 - (-1 + 15/9). What is the greatest common divisor of s and 4?
2
Let l = -8 - 3. Let s(h) = -h**3 - 11*h**2 - h + 1. Let u be s(l). Let k(c) = 5*c**3 - 4*c**2 - 3. Let z be k(3). What is the highest common factor of z and u?
12
Let q = -5 - -20. What is the greatest common divisor of 45 and q?
15
Suppose i - 4 = 3*l, i + 5*l + 44 = 5*i. Let p = 119 - 39. What is the greatest common factor of p and i?
16
Let h be (-894)/(-8) + 9/36. Calculate the greatest common divisor of 16 and h.
16
Suppose -1 = f + 2. Let g be 1*f/6*-80. Suppose 3*y + 2 = 17. Calculate the greatest common divisor of y and g.
5
Suppose 6*v - 20 = 2*v. Suppose 3*s - v*u + 27 = 5*s, 3*u = s - 8. Suppose -4*g = -9 - s. Calculate the greatest common factor of 5 and g.
5
Suppose 5*q - 57 = -2. Let a = -18 + 91. Let k = a + -40. Calculate the highest common divisor of q and k.
11
Let j = 193 - 117. What is the greatest common factor of 19 and j?
19
Let k(w) = 16*w. Let h be k(-3). Let x = h + 68. Calculate the highest common factor of x and 50.
10
Let h = -4 - -7. Suppose 0 = -0*z + h*z - 24. What is the highest common divisor of 16 and z?
8
Suppose 0 = -3*u - 2*u - 10, 2*r - u = 14. What is the greatest common divisor of r and 42?
6
Suppose -z - 3*z - 2*n + 1026 = 0, -3*z = -n - 767. What is the greatest common factor of 64 and z?
64
Suppose -4*o = -4, -2*o - 68 = -2*y - 3*y. What is the highest common divisor of 4 and y?
2
Let g be (14/7)/((-1)/(-2)). Calculate the highest common factor of 24 and g.
4
Suppose -d - 18 = -4*d. Calculate the greatest common factor of d and 2.
2
Let m be 9/(-6)*26/(-3). Let i = -144 - -341. Let l = -80 + i. What is the highest common divisor of l and m?
13
Let j(y) = y**3 + 3*y**2 + y + 4. Let l be j(-3). Let u be (40 - -2)*l/2. What is the highest common divisor of 7 and u?
7
Let q be 4*6*5/10. What is the greatest common divisor of 48 and q?
12
Suppose 630 = 7*p - 0*p. What is the highest common divisor of p and 36?
18
Suppose -3*o + 